22873 composite?
True
Is 95652619 prime?
True
Is 207744697 composite?
False
Is 2092571 composite?
True
Is 10122207 prime?
False
Is 29680499 a composite number?
True
Is 47232583 composite?
False
Is 31874855 a composite number?
True
Is 5696011 prime?
False
Is 874177 a composite number?
True
Is 1571477 prime?
True
Is 5506037 a prime number?
True
Is 68293101 composite?
True
Is 161065889 prime?
True
Is 2289599 a composite number?
True
Is 35760471 composite?
True
Is 67365587 a composite number?
False
Is 22625609 a composite number?
False
Is 12380561 composite?
False
Is 7292083 composite?
False
Is 382926809 a composite number?
True
Is 500629 prime?
True
Is 11138585 a composite number?
True
Is 49582193 prime?
True
Is 585069007 a prime number?
True
Is 38691757 prime?
False
Is 126488783 a prime number?
True
Is 10457243 composite?
False
Is 187326929 a composite number?
False
Is 5521091 a composite number?
True
Is 404099 a composite number?
False
Is 5757023 prime?
True
Is 47324399 composite?
True
Is 17148543 prime?
False
Is 214648813 composite?
True
Is 188563997 composite?
False
Is 3521677 a prime number?
True
Is 87324331 a prime number?
True
Is 1897711 a prime number?
True
Is 39453527 prime?
False
Is 775291 a composite number?
True
Is 228388063 a prime number?
True
Is 4144579 a prime number?
True
Is 45421483 composite?
False
Is 2424265 prime?
False
Is 67230803 prime?
False
Is 981241 a composite number?
False
Is 397407 composite?
True
Is 2255549 composite?
False
Is 679961 a composite number?
False
Is 3959479 composite?
True
Is 38012687 a composite number?
False
Is 444512851 composite?
False
Is 3156289 a composite number?
False
Is 2216021 a prime number?
True
Is 134190263 a prime number?
True
Is 5015561 prime?
False
Is 10516399 prime?
False
Is 1925117 prime?
True
Is 98610283 a composite number?
True
Is 12739771 composite?
True
Is 281491 prime?
False
Is 229053133 composite?
False
Is 2229277 prime?
True
Is 714596809 composite?
False
Is 74842085 a prime number?
False
Is 63844213 prime?
True
Is 98190445 composite?
True
Is 78479911 a composite number?
True
Is 5394563 a composite number?
True
Is 7314313 prime?
True
Is 4584227 prime?
True
Is 4908217 prime?
True
Is 5022265 a prime number?
False
Is 5916919 a composite number?
False
Is 31971085 a composite number?
True
Is 125316809 prime?
False
Is 14512141 a composite number?
True
Is 685511 a prime number?
True
Is 46360497 composite?
True
Is 958259 composite?
False
Is 4425107 a prime number?
True
Is 32487577 composite?
False
Is 64530967 a composite number?
False
Is 2148227 composite?
False
Is 13424497 a composite number?
True
Is 5539081 a composite number?
False
Is 38208109 a composite number?
True
Is 1528963 prime?
False
Is 15331937 a prime number?
True
Is 100455821 a composite number?
True
Is 68853527 a prime number?
False
Is 99683 a prime number?
False
Is 320025257 a prime number?
True
Is 702888685 prime?
False
Is 357083869 composite?
True
Is 1249091 a composite number?
False
Is 2300261 prime?
True
Is 3902747 composite?
False
Is 6306263 composite?
False
Is 11418667 a prime number?
False
Is 220219213 a composite number?
False
Is 1898229 a composite number?
True
Is 318199121 a prime number?
False
Is 32618933 prime?
True
Is 315440813 a composite number?
False
Is 28759589 prime?
True
Is 940127 prime?
True
Is 20002063 a prime number?
False
Is 11412431 a prime number?
True
Is 11362553 a prime number?
True
Is 200984702 composite?
True
Is 28698011 a prime number?
True
Is 4113001 prime?
False
Is 506553 composite?
True
Is 4989937 prime?
True
Is 7736951 a composite number?
False
Is 1139968189 prime?
True
Is 25360931 a prime number?
True
Is 6506657 prime?
True
Is 7283371 composite?
True
Is 37356139 composite?
False
Is 73865665 composite?
True
Is 70732565 a composite number?
True
Is 86567017 composite?
False
Is 15685253 a prime number?
True
Is 37669649 composite?
True
Is 27061379 a prime number?
False
Is 7885861 prime?
True
Is 9769301 a prime number?
True
Is 166541 a composite number?
False
Is 173567 a composite number?
True
Is 8073577 prime?
True
Is 1131113 a composite number?
False
Is 88668127 prime?
True
Is 157776479 a prime number?
False
Is 3284771 a composite number?
True
Is 25113929 composite?
False
Is 4311037 a prime number?
True
Is 170087659 a composite number?
True
Is 380157721 prime?
False
Is 2811131 a composite number?
False
Is 7608203 a composite number?
True
Is 2045923 composite?
True
Is 9993889 a prime number?
False
Is 220693121 a composite number?
True
Is 3320723 prime?
False
Is 20619029 prime?
False
Is 60002407 prime?
False
Is 2728797 a prime number?
False
Is 3999421 a composite number?
False
Is 79002679 a prime number?
False
Is 46212394 a prime number?
False
Is 672557 a prime number?
True
Is 11127431 composite?
True
Is 167998151 a composite number?
False
Is 30168493 prime?
False
Is 107256733 prime?
False
Is 302824147 prime?
False
Is 24719689 a prime number?
False
Is 21677927 a composite number?
True
Is 418639 prime?
False
Is 160143121 a prime number?
True
Is 1921619 prime?
False
Is 6804419 a prime number?
True
Is 5269961 a prime number?
False
Is 12867013 a composite number?
True
Is 3670829 a composite number?
True
Is 268439 composite?
False
Is 374017229 a prime number?
True
Is 20855047 a composite number?
True
Is 39761539 composite?
True
Is 1830791 prime?
False
Is 45379159 a composite number?
True
Is 51275911 prime?
True
Is 9818773 a prime number?
True
Is 1706377 a composite number?
True
Is 61211 prime?
True
Is 147951829 composite?
True
Is 616717 a composite number?
False
Is 1432891 prime?
True
Is 123589 a composite number?
True
Is 491389 a composite number?
True
Is 16255699 a composite number?
False
Is 17645843 a prime number?
False
Is 274403 a composite number?
False
Is 25687603 a prime number?
False
Is 4007503 a prime number?
False
Is 131071 a composite number?
False
Is 13616357 composite?
False
Is 8415293 composite?
False
Is 8693779 a composite number?
True
Is 68717 composite?
True
Is 636186409 a prime number?
False
Is 3291109 prime?
True
Is 8753069 a prime number?
False
Is 2446319 a prime number?
True
Is 2077511 composite?
True
Is 2465431 a prime number?
True
Is 465478843 composite?
True
Is 71154149 composite?
True
Is 140938906 a prime number?
False
Is 336597 composite?
True
Is 5239139 a prime number?
True
Is 3445589 prime?
False
Is 49398989 a prime number?
False
Is 706541 a prime number?
False
Is 34291579 a prime number?
False
Is 7230851 prime?
True
Is 9857717 a prime number?
False
Is 1250303 a composite number?
True
Is 57037 composite?
False
Is 41869837 prime?
True
Is 4295021 prime?
True
Is 73580629 prime?
True
Is 6787513 a prime number?
True
Is 6293977 composite?
False
Is 3403843 a composite number?
False
Is 268777073 a composite number?
True
Is 3815141 composite?
True
Is 32781341 prime?
False
Is 4107854 a composite number?
True
Is 50998159 a prime number?
False
Is 250727 composite?
False
Is 116893363 a composite number?
False
Is 114820301 prime?
False
Is 6049753 a prime number?
True
Is 60653273 composite?
False
Is 88182839 a prime number?
True
Is 1634029 a composite number?
True
Is 8323147 composite?
True
Is 2036501 composite?
False
Is 393300101 composite?
False
Is 27177013 prime?
True
Is 31930057 a prime number?
True
Is 13397 prime?
True
Is 11360617 composite?
False
Is 82192637 composite?
True
Is 214883 a composite number?
False
Is 121708823 a composite number?
False
Is 209041 a composite number?
True
Is 2640007 a prime number?
False
Is 17822323 a prime number?
False
Is 3083467 composite?
False
Is 1114627 composite?
True
Is 35737729 a prime number?
False
Is 214175077 prime?
True
Is 1041308033 prime?
True
Is 11004589 composite?
False
Is 333001 a composite number?
True
Is 3977849 prime?
True
Is 251509 prime?
False
Is 159473381 prime?
True
Is 251678593 a prime number?
True
Is 326106149 a composite number?
False
Is 7453961 prime?
True
Is 8673331 a composite number?
True
Is 26403205 composite?
True
Is 8867687 prime?
False
Is 134269 a composite number?
False
Is 797293969 composite?
False
Is 873293 prime?
True
Is 1955243 composite?
True
Is 9696913 composite?
False
Is 119083729 composite?
False
Is 34081477 a prime number?
False
Is 10777571 a composite number?
True
Is 245153 a composite number?
True
Is 